24
What is the value of 14 + -9 + (-4 - -10 - (4 - 13))?
20
-13 - (-19 - (-12 + 12 - 8))
-2
Evaluate 20 - ((-21 - -5) + 27).
9
What is -1 + (-17 - -30) + -1 + 3?
14
What is 7 + 2 + -14 + -20?
-25
What is the value of (-14 - -43 - 6) + -19?
4
What is the value of -2 + 2 + -2 + 15 + -1?
12
-8 - -32 - 32 - (-1 + -9)
2
8 + (4 - (5 + -2)) + -3
6
Calculate -4 - (8 + -11 + -10) - 11.
-2
-20 + -13 + 36 - (1 - 0)
2
What is 22 + -25 + -12 + 13 + 8?
6
Evaluate (10 - 2) + 23 + 0.
31
Evaluate -4 + (-3 - -11 - -6) + -1 + -7.
2
What is the value of 0 + (16 - 4) + -35 + 1?
-22
Calculate (-2 - 24) + -658 + 689.
5
What is the value of -2 + (-2 - -4) + -4 + -1 - 2?
-7
What is (-1 - -8 - -4) + 6?
17
Calculate 5 - (9 + -7) - (5 - 8).
6
What is the value of (150 - 137) + (-19 - 0) + (-1 - -17)?
10
What is 50 + -28 - 1 - 37?
-16
Evaluate -16 + 7 + -1 + 16 + -4.
2
What is (-2 - 0) + 1 - (62 - 65)?
2
What is 32 + -15 + -10 + -1?
6
Calculate -608 + 593 - (1 + -9).
-7
What is the value of -24 - (-60 - -20 - -16)?
0
Evaluate -4 + 0 - (4 - 15).
7
What is the value of 7 - -9 - 25 - -14?
5
What is the value of -16 + -14 + -13 + 29 + -9?
-23
What is 4 + 5 - 4 - 7 - 9?
-11
What is -5 - (8 + 1) - ((4 - 3) + -6)?
-9
Calculate -9 + 15 - 21 - -9.
-6
-25 + 16 + -15 + 37
13
What is the value of -11 - (-15 - (-10 - -2))?
-4
What is the value of (373 - 366) + -2 + 14?
19
Evaluate (11 - -5 - (-23 + 42)) + -16.
-19
What is -2 + -2 + 9 + 1 + 0?
6
What is the value of 27 + 58 + -38 - 23?
24
Evaluate -4 - -27 - (-79 + 92).
10
Calculate 21 - (-3 + 10 + -3 + -6) - 7.
16
What is (-1 - -14) + (54 - 49) + (-1 - -1)?
18
Evaluate (117 - 97) + (-1 + 6 - -15).
40
Calculate 13 + 2 + -19 + -16.
-20
What is (6 - (6 + (-10 - (2 - 2)))) + 12?
22
(6 - (7 + -4) - -5) + -23
-15
(-2 - (2 + 0 + 8)) + 88 + -92
-16
What is the value of -1 + (-2 - -4 - (18 + -7))?
-10
Calculate 9 - (-3 - (13 - 13)).
12
Evaluate -24 + -5 + 22 + -8 + -13 + 0.
-28
What is the value of -1 + -8 - (-4 - (6 - 13))?
-12
Calculate (-9 - -9) + 2 + 1 + 0 - -3.
6
What is the value of (7 + -2 - -5) + (-19 - -4)?
-5
What is the value of -7 - (-3 - (-3 + 2))?
-5
What is (4 - (0 - -1 - 6)) + -9?
0
Evaluate -6 + (-6 - (-8 + 7 - 4)).
-7
Evaluate (-49 - (-27 + -7)) + (-12 - -1).
-26
Calculate 76 + -123 + -1 + 27.
-21
Evaluate -9 - 0 - (-3 + (-14 - -9) - -5).
-6
What is 1 - (3 - (8 - 3) - -1)?
2
Calculate -2 + 4 - (2 - 1) - (-1995 + 1994).
2
Calculate -1 + -19 + 4 + 5 + -2.
-13
Evaluate (-4 - -3) + -2 - (26 - 36).
7
2887 - 2901 - (0 - 46)
32
What is the value of -5 + -9 + 35 + -19?
2
Calculate -6 + (-26 - -16) + 12.
-4
What is -5 + 11 + -12 + (-13 - (-10 + 8))?
-17
What is 4 + -3 + (5 - (-10 + 7))?
9
Evaluate -5 + (2 - (7 - (-5 - -5))) - -1.
-9
Calculate 1 - 3 - (25 - (-18 + 44)).
-1
-1 - 0 - ((-9 - -9) + -7)
6
What is -31 + (21 - 10) + -3 + 6?
-17
What is the value of -10 - (-4 + 4) - (-34 - -18)?
6
Calculate (26 - 8) + 7 + -8.
17
Calculate (17 - (-4 - -8)) + (1 - -6).
20
What is 3 + -1 + 2 - (7 - (22 + -24))?
-5
What is the value of 14 + (-1 - -1) - (27 - 19)?
6
What is the value of 1 - -4 - 20 - (-5 - 4)?
-6
What is 23 - (8 + (12 + -14 - -6))?
11
Evaluate 10 + 35 - 17 - 20.
8
Calculate (-35 - -31) + 33 + -26.
3
-16 + 53 - ((-6 - -12) + 4 + 1)
26
Evaluate (2 - 0 - -4) + (-9 - (-1 + 0)).
-2
Calculate 1 - (3 - -2) - (-24 - (12 - 30)).
2
Evaluate (-31 - -28 - -13) + -28.
-18
What is 6 - (8 + -8) - (-6 + 29 + 1)?
-18
Evaluate (2 - (1 - 0) - (58 + -61)) + 2.
6
What is 0 - 4 - (12 - ((0 - -6) + 19))?
9
What is 4 + -19 + 4 + -3 + -3 + 1?
-16
Evaluate (4 + 7 - 12) + (35 - 1).
33
Evaluate -7 + (-5 + -1 - (-14 - -5)) + -9.
-13
Calculate -7 - (-2 + -9 + -3) - 9.
-2
Evaluate -13 + -1 + -186 + 211.
11
Calculate -5 - (7 + -6) - (-2 - 10).
6
What is the value of -9 + (-10 - -18) + 11?
10
Calculate (0 - -4) + (2 - -13 - (57 - 50)).
12
Calculate 0 + (11 - (24 - 22)).
9
What is the value of 0 - (-26 + 2) - (84 + -137 + 48)?
29
What is -14 - (8 + -12 - 26)?
16
Calculate 2 + 2 + 19 + -10.
13
What is 21 + 27 + -17 + -18?
13
Evaluate 4 + 4 + -53 + 38.
-7
What is 4 + -6 - (-7 - (-21 - -8) - 3)?
-5
-31 + 15 + 11 + 14
9
What is the value of 14 + -10 - 16 - -31?
19
(30 - (-1 + -8)) + -19
20
Calculate 5 + (-9 - -13) + 7.
16
What is -1 + 2 + 7 + (-379 - -374) - -10?
13
11 + -6 + 1 + 5 + 7
18
Calculate -7 + (6 + -22 - -29).
6
What is 5 + -35 + -3 + -6 + 16?
-23
Calculate -204 + 211 + 0 + (16 - 2).
21
(5 + -10 - -7) + 7 + -1
8
Evaluate 7 + (-5 - (7 - -2) - -6).
-1
Evaluate (-5 - (-6 + (0 - -1) + -7)) + -20.
-13
What is 13 - (30 + -1 + -3)?
-13
What is the value of (2 + -22 + 11 - -3) + (13 - 0)?
7
What is 4 - (11 - -2) - (0 + 6 + -2)?
-13
What is the value of -12 - -25 - (-1 + 9)?
5
What is 91 - 95 - (1 - -3 - 2)?
-6
-4 + -7 + (4 - -6) + 16
15
Evaluate (-7 - 4) + (3 - 12).
-20
Calculate -11 - (-13 + (8 - 15)).
9
Calculate (5 - -10 - 18 - (4 + -1)) + 5.
-1
21 - (1 + 7) - (-1 - -5)
9
What is the value of 45 + -64 - (-29 - 1)?
11
(-5 - (13 + -4)) + 0 + (-1 - -6)
-9
Calculate (-23 - (-7 - 3)) + (-3 - -37).
21
-263 + 261 + (9 - 1)
6
Evaluate -2 + -6 - 2 - (-21 + -19 + -9).
39
Evaluate 6 - (5 - (-1 - 4)) - -9.
5
What is -7 + 8 - ((-2 - -6) + -9)?
6
Evaluate (-2 - (9 + -11 + 4)) + 4 - 2.
-2
What is -6 - (3 - 9 - -4) - -1?
-3
Evaluate (14 - 12) + 1 + 13.
16
Calculate (-24 - -23 - 0) + -12.
-13
Calculate 17 + 10 + -2 + -12.
13
What is the value of -6 + 28 + -16 + -4 - 0?
2
Evaluate -27 + 14 + (-11 - -18).
-6
What is 7 - (7 - 11) - (30 - -1)?
-20
What is 0 + -5 - (-33 + -17 + 70)?
-25
Calculate (0 + -5 - (-8 + -5 - -7)) + 6.
7
What is the value of 18 + (3 + 5 - (4 - -3))?
19
Evaluate (15 - -7) + -23 + 11.
10
-8 + (-335 - -326) + -6 + 0
-23
What is 3 - (-16 - -4 - -3 - (6 - 2))?
16
Calculate 9 + -5 + 2 + (-6 - 9).
-9
What is the value of -1 + -18 - (-33 - -24)?
-10
Evaluate (-15 - (-6 + 16 + 5)) + -7.
-37
What is -8 - (-7 - (5 - 11)) - -6?
-1
What is 2 + (6 - (-7 - (-12 + (6 - 5))))?
4
What is the value of 15 + 1 - -2 - 35?
-17
Calculate 28 + 9 + 18 + -29.
26
Calculate 38 - 12 - 9 - (0 - -4).
13
(14 - 30) + 13 + 10
7
Calculate 26 + -1 + -26 + -8.
-9
What is -31 + 24 - -7 - -18?
18
What is -1 + -2 + (-319 - -370) + (-23 - 1)?
24
(9 + -24 - -3) + -25 + 32
-5
9 - 23 - -38 - (10 + -7 + 2)
19
Evaluate -32 - (-23 + 0 - -15).
-24
What is the value of -17 + (-8 + 3 + 2 - -50)?
30
What is the value of -12 - -7 - (-16 + 4)?
7
Calculate (-27 + 62 - -14) + -42.
7
Evaluate -19 + -2 - (76 - 91).
-6
Evaluate 0 + -11 + ((-16 - -16) + 7 - 12).
-16
Evaluate (-21 + 4 - (-10 - -2)) + 23.
14
23 + -14 + -5 + 29 + -5
28
What is the value of -2 - (12 + -3) - -4?
-7
What is the value of (-2 - -13) + (0 - (2 - 5))?
14
Evaluate 25 + (13 - (15 + 18)).
5
What is the value of 3 - (-11 + 4 + 15)?
-5
What is -14 - (3 - (-1 + (-2 - 2)))?
-22
What is the value of (1 - -2) + (8 + 0 - 7)?
4
Calculate (-16 - -44 - 11) + -4.
13
Calculate 9 + (0 - (6 - -1)) - 18 - -5.
-11
What is 20 - (10 - (17 + -10))?
17
(-2 - 1) + (-28 + 4 - -21)
-6
Evaluate -267 - -250 - (-5 + -1).
-11
What is 11 + -23 + 11 - (-6 + -3)?
8
Evaluate 10 + (2 + 0 + (25 - 24) - -2).
15
Calculate -7 - (-16 - (-5 - 0)) - -9.
13
-6280 + 6273 + (2 - -2 - 0 - 1)
-4
What is the value of 10 + 3 + -16 + (28 - -2)?
27
What is the value of (15 - 2) + -2 + 30 + -12?
29
What is (-42 - -23) + 37 + -22?
-4
What is 1 + (9 - 6) + 7?
11
What is the value of 330 + -324 - ((0 - -2 - 3) + 7)?
0
What is 25 - (48 + 3 + -24)?
-2
What is the value of (-1 - (8 + 7)) + 2 + -10?
-24
Calculate 6 + (8 - (10 - -3 - 4)).
5
What is -3 + -1 - -3 - 7 - -20?
12
-180 + 173 - (-1 - 0 - (-2 + 23))
15
(-28 + 7 + 2 - -15) + (0 - 2)
-6
-22 - -27 - 13 - -6
-2
What is 15 - (10 - 4 - ((1 - 1) + -1))?
8
Calculate -5 + -49 + 33 + 29.
8
-1089 + 1144 + (-28 - 1)
26
What is the value of 8 + (11 - 27) + 11 + 0?
3
Evaluate -9 + -8 + 21 + -1 + -8.
-5
Calculate (-2 - 46) + (-2 - -34).
-16
What is the value of (-9 - (-4 - (-5 - -16))) + (-15 - -4)?
-5
What is 11 - -1 - (-11 - -3 - (3 - 15))?
8
What is the value of 34 + (-11 - 22) + 22?
23
(-4 - (11 + -13 - 2)) + 30 + -2
28
30 + -45 - -25 - (14 - 0)
-4
Calculate 18 - ((-23 - -22) + 13 + -1).
7
Evaluate (14 - 12) + (-8 - -3).
-3
What is the value of 28 - (21 + -7 + -1)?
15
Evaluate 17 - (9 - (9 + -10)).
7
Evaluate (7 - -1) + (-26 - -12) + 8.
2
Evaluate (3 -